6
What is the remainder when 268103 is divided by 5297?
3253
Calculate the remainder when 20921297 is divided by 3486882.
5
Calculate the remainder when 3092383 is divided by 1326.
151
What is the remainder when 128073 is divided by 63150?
1773
What is the remainder when 356360 is divided by 356360?
0
Calculate the remainder when 587211 is divided by 2881.
2368
Calculate the remainder when 233925 is divided by 257.
55
What is the remainder when 196883 is divided by 114?
5
Calculate the remainder when 154259 is divided by 1733.
22
What is the remainder when 11319196 is divided by 436?
200
What is the remainder when 20541 is divided by 796?
641
What is the remainder when 145477 is divided by 235?
12
What is the remainder when 12526918 is divided by 756?
754
Calculate the remainder when 81642715 is divided by 1521.
1519
Calculate the remainder when 442296938 is divided by 357.
356
Calculate the remainder when 2001509 is divided by 38.
11
Calculate the remainder when 62350328 is divided by 242.
238
What is the remainder when 187806 is divided by 11034?
228
Calculate the remainder when 687931 is divided by 49134.
55
Calculate the remainder when 413702 is divided by 69.
47
What is the remainder when 313444 is divided by 1317?
1315
Calculate the remainder when 26913936 is divided by 154.
126
Calculate the remainder when 309044 is divided by 402.
308
Calculate the remainder when 481767451 is divided by 916.
915
Calculate the remainder when 51020628 is divided by 921.
912
What is the remainder when 384226 is divided by 721?
654
Calculate the remainder when 1165976 is divided by 3848.
32
What is the remainder when 6269402 is divided by 3134688?
26
What is the remainder when 656845 is divided by 143?
46
What is the remainder when 23776 is divided by 11417?
942
Calculate the remainder when 120717 is divided by 17224.
149
What is the remainder when 527808 is divided by 175913?
69
Calculate the remainder when 136501816 is divided by 895.
891
What is the remainder when 25963 is divided by 693?
322
What is the remainder when 2089402 is divided by 415?
292
Calculate the remainder when 57058272 is divided by 28529136.
0
What is the remainder when 1646683 is divided by 569?
566
Calculate the remainder when 4617025 is divided by 5693.
2
Calculate the remainder when 1241444 is divided by 1026.
1010
Calculate the remainder when 23999083 is divided by 2158.
2123
Calculate the remainder when 6684959 is divided by 8.
7
What is the remainder when 112111 is divided by 516?
139
Calculate the remainder when 91536 is divided by 667.
157
What is the remainder when 542082 is divided by 6776?
2
Calculate the remainder when 29265891 is divided by 2502.
2499
Calculate the remainder when 15934772 is divided by 5311587.
11
What is the remainder when 454511 is divided by 545?
526
What is the remainder when 164089 is divided by 95?
24
What is the remainder when 63745 is divided by 4908?
4849
What is the remainder when 79597 is divided by 3968?
237
Calculate the remainder when 1633232 is divided by 9408.
5648
What is the remainder when 15204522 is divided by 15204507?
15
Calculate the remainder when 2567 is divided by 631.
43
What is the remainder when 57855 is divided by 3205?
165
What is the remainder when 146963 is divided by 2440?
563
Calculate the remainder when 266093 is divided by 2982.
695
Calculate the remainder when 172356 is divided by 17233.
26
What is the remainder when 4148482 is divided by 40?
2
Calculate the remainder when 9587682 is divided by 9166.
46
Calculate the remainder when 5558299 is divided by 1111615.
224
Calculate the remainder when 86364 is divided by 683.
306
Calculate the remainder when 671542 is divided by 7630.
102
Calculate the remainder when 101107191 is divided by 203.
199
What is the remainder when 544797 is divided by 200?
197
Calculate the remainder when 3050968 is divided by 381.
301
Calculate the remainder when 1750165 is divided by 697.
695
Calculate the remainder when 2481975 is divided by 164.
163
What is the remainder when 26558262 is divided by 3319780?
22
Calculate the remainder when 56509666 is divided by 61.
59
What is the remainder when 1199685 is divided by 109?
31
What is the remainder when 47247 is divided by 45811?
1436
Calculate the remainder when 720200 is divided by 277.
0
What is the remainder when 7477228 is divided by 623100?
28
Calculate the remainder when 4748998 is divided by 3335.
3293
Calculate the remainder when 380270 is divided by 1339.
1333
Calculate the remainder when 2046 is divided by 16.
14
What is the remainder when 13507870 is divided by 2251296?
94
What is the remainder when 22818097 is divided by 201930?
7
Calculate the remainder when 999864 is divided by 1379.
89
What is the remainder when 8660914 is divided by 4935?
4924
Calculate the remainder when 450323 is divided by 3023.
2919
What is the remainder when 375991 is divided by 161?
56
What is the remainder when 47700115 is divided by 25659?
34
What is the remainder when 1267596 is divided by 143?
44
Calculate the remainder when 707502 is divided by 319.
279
What is the remainder when 6484021 is divided by 4078?
1
What is the remainder when 981278 is divided by 22?
12
What is the remainder when 319084 is divided by 3107?
2170
Calculate the remainder when 848201117 is divided by 260.
257
What is the remainder when 204903 is divided by 2970?
2943
Calculate the remainder when 4632548 is divided by 294.
284
Calculate the remainder when 1213343977 is divided by 506.
505
Calculate the remainder when 47969 is divided by 648.
17
What is the remainder when 56138665 is divided by 4220?
5
Calculate the remainder when 201106078 is divided by 180.
178
What is the remainder when 39459231 is divided by 116?
91
Calculate the remainder when 14734667 is divided by 7367264.
139
Calculate the remainder when 5252979 is divided by 258.
99
What is the remainder when 107866 is divided by 35813?
427
Calculate the remainder when 160224 is divided by 5321.
594
Calculate the remainder when 152080 is divided by 150821.
1259
Calculate the remainder when 875644 is divided by 5.
4
What is the remainder when 76931385 is divided by 6746?
1
Calculate the remainder when 80127548 is divided by 15.
8
Calculate the remainder when 64407193 is divided by 3676.
3673
Calculate the remainder when 59828657 is divided by 417.
416
What is the remainder when 4370320 is divided by 208110?
10
Calculate the remainder when 24961097 is divided by 262748.
37
What is the remainder when 21781 is divided by 100?
81
What is the remainder when 366022 is divided by 2577?
88
What is the remainder when 12508 is divided by 216?
196
Calculate the remainder when 1261343 is divided by 90.
83
What is the remainder when 31222 is divided by 14930?
1362
Calculate the remainder when 632147 is divided by 210709.
20
What is the remainder when 21586458 is divided by 1257?
1254
What is the remainder when 2758929 is divided by 1379430?
69
What is the remainder when 164567 is divided by 41114?
111
Calculate the remainder when 1041972 is divided by 135.
42
Calculate the remainder when 828043 is divided by 38.
23
Calculate the remainder when 61324483 is divided by 4717265.
38
Calculate the remainder when 26894476 is divided by 3842059.
63
What is the remainder when 2416237 is divided by 805406?
19
Calculate the remainder when 9489 is divided by 6530.
2959
Calculate the remainder when 149636 is divided by 3723.
716
What is the remainder when 67854381 is divided by 126?
105
What is the remainder when 8058990 is divided by 36?
30
What is the remainder when 50459 is divided by 1572?
155
What is the remainder when 8802746 is divided by 136?
10
What is the remainder when 4189309 is divided by 1047325?
9
Calculate the remainder when 6509026 is divided by 17129.
6
Calculate the remainder when 6576853 is divided by 3288415.
23
Calculate the remainder when 17247 is divided by 177.
78
What is the remainder when 1516097 is divided by 65909?
190
Calculate the remainder when 20175343 is divided by 459.
457
What is the remainder when 178175 is divided by 1107?
1055
Calculate the remainder when 6526002 is divided by 123.
114
What is the remainder when 165136158 is divided by 453?
444
What is the remainder when 6640679 is divided by 665?
654
Wh